{"id":122,"date":"2018-05-01T14:11:46","date_gmt":"2018-05-01T12:11:46","guid":{"rendered":"http:\/\/kine-pedia.be\/?page_id=122"},"modified":"2024-11-21T13:41:29","modified_gmt":"2024-11-21T12:41:29","slug":"kinesitherapie-pediatrique-bruxelles","status":"publish","type":"page","link":"https:\/\/kine-pedia.be\/index.php\/kinesitherapie-pediatrique-bruxelles\/","title":{"rendered":"<span lang =\"fr\">Kin\u00e9sith\u00e9rapie p\u00e9diatrique<\/span>"},"content":{"rendered":"<span lang =\"fr\">\n<p>Diff\u00e9rentes prises en charge en p\u00e9diatrie sont possibles. Ces prises en charges  en kin\u00e9sith\u00e9rapie p\u00e9diatrique sont effectu\u00e9es au Centre Nestia \u00e0 Auderghem, Bruxelles. Voici quelques motifs de consultation possibles: <\/p>\n\n\n\n<p><a lang=\"fr\" href=\"http:\/\/kine-pedia.be\/index.php\/bobath\/\">1.Prise en charge du d\u00e9veloppement moteur<\/a><\/p>\n\n\n\n<ul class=\"wp-block-list\">\n<li>Traitement de <strong>retards moteur<\/strong> l\u00e9gers ou plus cons\u00e9quents en dessous de 2 ans.<\/li>\n\n\n\n<li>Accompagnement dans le <strong>d\u00e9veloppement moteur.<\/strong> <\/li>\n<\/ul>\n\n\n\n<p><a lang=\"fr\" href=\"http:\/\/kine-pedia.be\/index.php\/bobath\/\">2. Prise en charge neuro-p\u00e9diatrique (Bobath)<\/a><\/p>\n\n\n\n<ul class=\"wp-block-list\">\n<li>Traitement \u00e0 la sortie du service de <strong>n\u00e9onatalogie <\/strong>&#8211; suivi du b\u00e9b\u00e9 pr\u00e9matur\u00e9.<\/li>\n\n\n\n<li>Prise en charge suite au diagnostic ou d&rsquo;une suspicion d&rsquo;une <strong>pathologie neurologique<\/strong> (IMC, spina bifida, maladie neuro-musculaire, syndrome g\u00e9n\u00e9tique, trisomie,..).<\/li>\n<\/ul>\n\n\n\n<p><a lang=\"fr\" href=\"http:\/\/kine-pedia.be\/index.php\/bobath\/\">3. Prise en charge psychomotrice<\/a><\/p>\n\n\n\n<ul class=\"wp-block-list\">\n<li>Prise en charge dans le cadre de <strong>retard psychomoteur<\/strong>. <\/li>\n\n\n\n<li>Traitement dans le cadre de <strong>difficult\u00e9s psychomotrices<\/strong> dont l&rsquo;organisation,  la dyspraxie et l&rsquo;orientation spatiale)<\/li>\n<\/ul>\n\n\n\n<p>4. Prise en charge orthop\u00e9dique<\/p>\n\n\n\n<ul class=\"wp-block-list\">\n<li>Prise en charge dans le cadre d&rsquo;un <strong>torticolis <\/strong>cong\u00e9nital ou <strong>plexus brachial<\/strong> \u00e0 la naissance.<\/li>\n\n\n\n<li>Traitement en charge dans le cadre d&rsquo;une <strong>plagioc\u00e9phalie<\/strong>, <strong>bradyc\u00e9pahalie<\/strong>.<\/li>\n\n\n\n<li>Prise en charge dans le cadre d&rsquo;une <strong>d\u00e9formation orthop\u00e9dique<\/strong> cong\u00e9nitale ou suite \u00e0 l&rsquo;apparition de celle-ci.<\/li>\n\n\n\n<li>Prise en charge suite \u00e0 une fracture, entorse,..<\/li>\n<\/ul>\n\n\n\n<p><a lang=\"fr\" href=\"http:\/\/kine-pedia.be\/index.php\/kinerespi\/\">5. Prise en charge respiratoire<\/a><\/p>\n\n\n\n<ul class=\"wp-block-list\">\n<li>Prise en charge d&rsquo;une <strong>bronchiolite <\/strong>du nourrisson.<\/li>\n\n\n\n<li>Traitement respiratoire dans le cadre d&rsquo;une <strong>pathologie neuro-musculaire ou neurologique<\/strong>.<\/li>\n<\/ul>\n\n\n\n<p>6. Prise en charge dans le cadre d&rsquo;une freinectomie<\/p>\n\n\n\n<ul class=\"wp-block-list\">\n<li>Prise en charge pr\u00e9-freinectomie (prise en charge TMF)<\/li>\n\n\n\n<li>Prise en charge post freinectomie<\/li>\n<\/ul>\n\n\n\n<p>Prendre rendez-vous en ligne :<strong> <a rel=\"noreferrer noopener\" href=\"http:\/\/nestia.be\/index.php\/prise-de-rendez-vous-en-ligne-2\/\" target=\"_blank\">Sur la plateforme du Centre Nestia<\/a> <\/strong>ou par t\u00e9l\u00e9phone au<strong> 0472\/79.28.77<\/strong><\/p>\n\n\n\n<p>Les s\u00e9ances de kin\u00e9sith\u00e9rapie se d\u00e9roulent sur une p\u00e9riode de 30 minutes \u00e0 1 heure. Une prescription m\u00e9dicale est n\u00e9cessaire afin d&rsquo;avoir un remboursement des soins de sant\u00e9. Les s\u00e9ances sont adapt\u00e9es \u00e0 l&rsquo;\u00e2ge du patient et aux objectifs poursuivis. Ces objectifs seront discut\u00e9s avec les parents et\/ou le patient.<\/p>\n\n\n\n<p>&nbsp;<\/p>\n\n\n\n<figure class=\"wp-block-image size-large\"><img loading=\"lazy\" decoding=\"async\" width=\"768\" height=\"1024\" src=\"http:\/\/kine-pedia.be\/wp-content\/uploads\/2020\/10\/IMG_3005-scaled-768x1024.jpg\" alt=\"\" class=\"wp-image-190\" srcset=\"https:\/\/kine-pedia.be\/wp-content\/uploads\/2020\/10\/IMG_3005-scaled-768x1024.jpg 768w, https:\/\/kine-pedia.be\/wp-content\/uploads\/2020\/10\/IMG_3005-scaled-225x300.jpg 225w, https:\/\/kine-pedia.be\/wp-content\/uploads\/2020\/10\/IMG_3005-scaled.jpg 1920w\" sizes=\"auto, (max-width: 768px) 100vw, 768px\" \/><\/figure>\n<\/span>","protected":false},"excerpt":{"rendered":"<span lang =\"fr\"><p>Diff\u00e9rentes prises en charge en p\u00e9diatrie sont possibles. Ces prises en charges en kin\u00e9sith\u00e9rapie p\u00e9diatrique sont effectu\u00e9es au Centre Nestia \u00e0 Auderghem, Bruxelles. Voici quelques motifs de consultation possibles: 1.Prise en charge du d\u00e9veloppement moteur 2. Prise en charge neuro-p\u00e9diatrique (Bobath) 3. Prise en charge psychomotrice 4. Prise en charge orthop\u00e9dique 5. Prise en charge respiratoire 6. Prise en charge &hellip; <\/p>\n<\/span>","protected":false},"author":1,"featured_media":0,"parent":0,"menu_order":0,"comment_status":"closed","ping_status":"closed","template":"","meta":{"footnotes":""},"class_list":["post-122","page","type-page","status-publish","hentry"],"yoast_head":"<!-- This site is optimized with the Yoast SEO plugin v23.9 - https:\/\/yoast.com\/wordpress\/plugins\/seo\/ -->\n<title>Kin\u00e9sith\u00e9rapie p\u00e9diatrique p\u00e9diatrique \u00e0 Bruxelles - Marine Delvigne<\/title>\n<meta name=\"description\" content=\"Cabinet de kin\u00e9sith\u00e9rapie p\u00e9diatrique \u00e0 Bruxelles. Diff\u00e9rentes prises en charges sont possibles. Toute probl\u00e8me a une prise en charge adapt\u00e9e.\" \/>\n<meta name=\"robots\" content=\"index, follow, max-snippet:-1, max-image-preview:large, max-video-preview:-1\" \/>\n<link rel=\"canonical\" href=\"https:\/\/kine-pedia.be\/index.php\/kinesitherapie-pediatrique-bruxelles\/\" \/>\n<meta property=\"og:locale\" content=\"fr_FR\" \/>\n<meta property=\"og:type\" content=\"article\" \/>\n<meta property=\"og:title\" content=\"Kin\u00e9sith\u00e9rapie p\u00e9diatrique p\u00e9diatrique \u00e0 Bruxelles - Marine Delvigne\" \/>\n<meta property=\"og:description\" content=\"Cabinet de kin\u00e9sith\u00e9rapie p\u00e9diatrique \u00e0 Bruxelles. Diff\u00e9rentes prises en charges sont possibles. Toute probl\u00e8me a une prise en charge adapt\u00e9e.\" \/>\n<meta property=\"og:url\" content=\"https:\/\/kine-pedia.be\/index.php\/kinesitherapie-pediatrique-bruxelles\/\" \/>\n<meta property=\"og:site_name\" content=\"Marine Delvigne\" \/>\n<meta property=\"article:modified_time\" content=\"2024-11-21T12:41:29+00:00\" \/>\n<meta property=\"og:image\" content=\"http:\/\/kine-pedia.be\/wp-content\/uploads\/2020\/10\/IMG_3005-scaled-768x1024.jpg\" \/>\n<meta name=\"twitter:card\" content=\"summary_large_image\" \/>\n<meta name=\"twitter:label1\" content=\"Dur\u00e9e de lecture estim\u00e9e\" \/>\n\t<meta name=\"twitter:data1\" content=\"2 minutes\" \/>\n<script type=\"application\/ld+json\" class=\"yoast-schema-graph\">{\"@context\":\"https:\/\/schema.org\",\"@graph\":[{\"@type\":\"WebPage\",\"@id\":\"https:\/\/kine-pedia.be\/index.php\/kinesitherapie-pediatrique-bruxelles\/\",\"url\":\"https:\/\/kine-pedia.be\/index.php\/kinesitherapie-pediatrique-bruxelles\/\",\"name\":\"Kin\u00e9sith\u00e9rapie p\u00e9diatrique p\u00e9diatrique \u00e0 Bruxelles - Marine Delvigne\",\"isPartOf\":{\"@id\":\"https:\/\/kine-pedia.be\/#website\"},\"primaryImageOfPage\":{\"@id\":\"https:\/\/kine-pedia.be\/index.php\/kinesitherapie-pediatrique-bruxelles\/#primaryimage\"},\"image\":{\"@id\":\"https:\/\/kine-pedia.be\/index.php\/kinesitherapie-pediatrique-bruxelles\/#primaryimage\"},\"thumbnailUrl\":\"http:\/\/kine-pedia.be\/wp-content\/uploads\/2020\/10\/IMG_3005-scaled-768x1024.jpg\",\"datePublished\":\"2018-05-01T12:11:46+00:00\",\"dateModified\":\"2024-11-21T12:41:29+00:00\",\"description\":\"Cabinet de kin\u00e9sith\u00e9rapie p\u00e9diatrique \u00e0 Bruxelles. Diff\u00e9rentes prises en charges sont possibles. Toute probl\u00e8me a une prise en charge adapt\u00e9e.\",\"breadcrumb\":{\"@id\":\"https:\/\/kine-pedia.be\/index.php\/kinesitherapie-pediatrique-bruxelles\/#breadcrumb\"},\"inLanguage\":\"fr-FR\",\"potentialAction\":[{\"@type\":\"ReadAction\",\"target\":[\"https:\/\/kine-pedia.be\/index.php\/kinesitherapie-pediatrique-bruxelles\/\"]}]},{\"@type\":\"ImageObject\",\"inLanguage\":\"fr-FR\",\"@id\":\"https:\/\/kine-pedia.be\/index.php\/kinesitherapie-pediatrique-bruxelles\/#primaryimage\",\"url\":\"https:\/\/kine-pedia.be\/wp-content\/uploads\/2020\/10\/IMG_3005-scaled.jpg\",\"contentUrl\":\"https:\/\/kine-pedia.be\/wp-content\/uploads\/2020\/10\/IMG_3005-scaled.jpg\",\"width\":1920,\"height\":2560},{\"@type\":\"BreadcrumbList\",\"@id\":\"https:\/\/kine-pedia.be\/index.php\/kinesitherapie-pediatrique-bruxelles\/#breadcrumb\",\"itemListElement\":[{\"@type\":\"ListItem\",\"position\":1,\"name\":\"Home\",\"item\":\"https:\/\/kine-pedia.be\/\"},{\"@type\":\"ListItem\",\"position\":2,\"name\":\"Kin\u00e9sith\u00e9rapie p\u00e9diatrique\"}]},{\"@type\":\"WebSite\",\"@id\":\"https:\/\/kine-pedia.be\/#website\",\"url\":\"https:\/\/kine-pedia.be\/\",\"name\":\"Marine Delvigne\",\"description\":\"Kin\u00e9sitherapie pediatrique - Microkinesith\u00e9rapie\",\"publisher\":{\"@id\":\"https:\/\/kine-pedia.be\/#organization\"},\"potentialAction\":[{\"@type\":\"SearchAction\",\"target\":{\"@type\":\"EntryPoint\",\"urlTemplate\":\"https:\/\/kine-pedia.be\/?s={search_term_string}\"},\"query-input\":{\"@type\":\"PropertyValueSpecification\",\"valueRequired\":true,\"valueName\":\"search_term_string\"}}],\"inLanguage\":\"fr-FR\"},{\"@type\":\"Organization\",\"@id\":\"https:\/\/kine-pedia.be\/#organization\",\"name\":\"Marine Delvigne\",\"url\":\"https:\/\/kine-pedia.be\/\",\"logo\":{\"@type\":\"ImageObject\",\"inLanguage\":\"fr-FR\",\"@id\":\"https:\/\/kine-pedia.be\/#\/schema\/logo\/image\/\",\"url\":\"https:\/\/kine-pedia.be\/wp-content\/uploads\/2024\/11\/cropped-Microkinesitherapie-600-x-600-px-2.png\",\"contentUrl\":\"https:\/\/kine-pedia.be\/wp-content\/uploads\/2024\/11\/cropped-Microkinesitherapie-600-x-600-px-2.png\",\"width\":300,\"height\":300,\"caption\":\"Marine Delvigne\"},\"image\":{\"@id\":\"https:\/\/kine-pedia.be\/#\/schema\/logo\/image\/\"}}]}<\/script>\n<!-- \/ Yoast SEO plugin. -->","yoast_head_json":{"title":"Kin\u00e9sith\u00e9rapie p\u00e9diatrique p\u00e9diatrique \u00e0 Bruxelles - Marine Delvigne","description":"Cabinet de kin\u00e9sith\u00e9rapie p\u00e9diatrique \u00e0 Bruxelles. Diff\u00e9rentes prises en charges sont possibles. Toute probl\u00e8me a une prise en charge adapt\u00e9e.","robots":{"index":"index","follow":"follow","max-snippet":"max-snippet:-1","max-image-preview":"max-image-preview:large","max-video-preview":"max-video-preview:-1"},"canonical":"https:\/\/kine-pedia.be\/index.php\/kinesitherapie-pediatrique-bruxelles\/","og_locale":"fr_FR","og_type":"article","og_title":"Kin\u00e9sith\u00e9rapie p\u00e9diatrique p\u00e9diatrique \u00e0 Bruxelles - Marine Delvigne","og_description":"Cabinet de kin\u00e9sith\u00e9rapie p\u00e9diatrique \u00e0 Bruxelles. Diff\u00e9rentes prises en charges sont possibles. Toute probl\u00e8me a une prise en charge adapt\u00e9e.","og_url":"https:\/\/kine-pedia.be\/index.php\/kinesitherapie-pediatrique-bruxelles\/","og_site_name":"Marine Delvigne","article_modified_time":"2024-11-21T12:41:29+00:00","og_image":[{"url":"http:\/\/kine-pedia.be\/wp-content\/uploads\/2020\/10\/IMG_3005-scaled-768x1024.jpg"}],"twitter_card":"summary_large_image","twitter_misc":{"Dur\u00e9e de lecture estim\u00e9e":"2 minutes"},"schema":{"@context":"https:\/\/schema.org","@graph":[{"@type":"WebPage","@id":"https:\/\/kine-pedia.be\/index.php\/kinesitherapie-pediatrique-bruxelles\/","url":"https:\/\/kine-pedia.be\/index.php\/kinesitherapie-pediatrique-bruxelles\/","name":"Kin\u00e9sith\u00e9rapie p\u00e9diatrique p\u00e9diatrique \u00e0 Bruxelles - Marine Delvigne","isPartOf":{"@id":"https:\/\/kine-pedia.be\/#website"},"primaryImageOfPage":{"@id":"https:\/\/kine-pedia.be\/index.php\/kinesitherapie-pediatrique-bruxelles\/#primaryimage"},"image":{"@id":"https:\/\/kine-pedia.be\/index.php\/kinesitherapie-pediatrique-bruxelles\/#primaryimage"},"thumbnailUrl":"http:\/\/kine-pedia.be\/wp-content\/uploads\/2020\/10\/IMG_3005-scaled-768x1024.jpg","datePublished":"2018-05-01T12:11:46+00:00","dateModified":"2024-11-21T12:41:29+00:00","description":"Cabinet de kin\u00e9sith\u00e9rapie p\u00e9diatrique \u00e0 Bruxelles. Diff\u00e9rentes prises en charges sont possibles. Toute probl\u00e8me a une prise en charge adapt\u00e9e.","breadcrumb":{"@id":"https:\/\/kine-pedia.be\/index.php\/kinesitherapie-pediatrique-bruxelles\/#breadcrumb"},"inLanguage":"fr-FR","potentialAction":[{"@type":"ReadAction","target":["https:\/\/kine-pedia.be\/index.php\/kinesitherapie-pediatrique-bruxelles\/"]}]},{"@type":"ImageObject","inLanguage":"fr-FR","@id":"https:\/\/kine-pedia.be\/index.php\/kinesitherapie-pediatrique-bruxelles\/#primaryimage","url":"https:\/\/kine-pedia.be\/wp-content\/uploads\/2020\/10\/IMG_3005-scaled.jpg","contentUrl":"https:\/\/kine-pedia.be\/wp-content\/uploads\/2020\/10\/IMG_3005-scaled.jpg","width":1920,"height":2560},{"@type":"BreadcrumbList","@id":"https:\/\/kine-pedia.be\/index.php\/kinesitherapie-pediatrique-bruxelles\/#breadcrumb","itemListElement":[{"@type":"ListItem","position":1,"name":"Home","item":"https:\/\/kine-pedia.be\/"},{"@type":"ListItem","position":2,"name":"Kin\u00e9sith\u00e9rapie p\u00e9diatrique"}]},{"@type":"WebSite","@id":"https:\/\/kine-pedia.be\/#website","url":"https:\/\/kine-pedia.be\/","name":"Marine Delvigne","description":"Kin\u00e9sitherapie pediatrique - Microkinesith\u00e9rapie","publisher":{"@id":"https:\/\/kine-pedia.be\/#organization"},"potentialAction":[{"@type":"SearchAction","target":{"@type":"EntryPoint","urlTemplate":"https:\/\/kine-pedia.be\/?s={search_term_string}"},"query-input":{"@type":"PropertyValueSpecification","valueRequired":true,"valueName":"search_term_string"}}],"inLanguage":"fr-FR"},{"@type":"Organization","@id":"https:\/\/kine-pedia.be\/#organization","name":"Marine Delvigne","url":"https:\/\/kine-pedia.be\/","logo":{"@type":"ImageObject","inLanguage":"fr-FR","@id":"https:\/\/kine-pedia.be\/#\/schema\/logo\/image\/","url":"https:\/\/kine-pedia.be\/wp-content\/uploads\/2024\/11\/cropped-Microkinesitherapie-600-x-600-px-2.png","contentUrl":"https:\/\/kine-pedia.be\/wp-content\/uploads\/2024\/11\/cropped-Microkinesitherapie-600-x-600-px-2.png","width":300,"height":300,"caption":"Marine Delvigne"},"image":{"@id":"https:\/\/kine-pedia.be\/#\/schema\/logo\/image\/"}}]}},"_links":{"self":[{"href":"https:\/\/kine-pedia.be\/index.php\/wp-json\/wp\/v2\/pages\/122","targetHints":{"allow":["GET"]}}],"collection":[{"href":"https:\/\/kine-pedia.be\/index.php\/wp-json\/wp\/v2\/pages"}],"about":[{"href":"https:\/\/kine-pedia.be\/index.php\/wp-json\/wp\/v2\/types\/page"}],"author":[{"embeddable":true,"href":"https:\/\/kine-pedia.be\/index.php\/wp-json\/wp\/v2\/users\/1"}],"replies":[{"embeddable":true,"href":"https:\/\/kine-pedia.be\/index.php\/wp-json\/wp\/v2\/comments?post=122"}],"version-history":[{"count":18,"href":"https:\/\/kine-pedia.be\/index.php\/wp-json\/wp\/v2\/pages\/122\/revisions"}],"predecessor-version":[{"id":662,"href":"https:\/\/kine-pedia.be\/index.php\/wp-json\/wp\/v2\/pages\/122\/revisions\/662"}],"wp:attachment":[{"href":"https:\/\/kine-pedia.be\/index.php\/wp-json\/wp\/v2\/media?parent=122"}],"curies":[{"name":"wp","href":"https:\/\/api.w.org\/{rel}","templated":true}]}}